23
Suppose 4*g - 7*f - 19089 = -10*f, -3*g - 9*f + 14283 = 0. What is the highest common divisor of 48 and g?
24
Suppose 41*k = -4*q + 46*k - 3, 4*q - k - 25 = 0. What is the greatest common divisor of 1384 and q?
8
Suppose 54*t = 517 + 455. Calculate the greatest common divisor of t and 894.
6
Suppose 10 = 5*u, 4*j - 5*u + 217 = 7*j. Let f = j - -47. Calculate the greatest common factor of f and 290.
58
Let c(j) = j**3 + j**2 + 2*j + 1380. Let a be c(0). Suppose a = 26*f - 3*f. Calculate the highest common divisor of f and 15.
15
Let v be (8/64 - (-1)/(-8))/(-2). Suppose v = -3*d + 6, 3*d + 2 = m - 18. Calculate the highest common divisor of m and 208.
26
Let b = -7 - -8. Let d be (4/10)/(b/(-5)). Let x = 7 - d. Calculate the greatest common divisor of x and 81.
9
Suppose 0 = -5*h - c - 1214 - 512, 2*c - 1723 = 5*h. Let d be (1173/h)/(2/(-30)). What is the greatest common factor of 85 and d?
17
Suppose w = x - 5, -5*w + 2*x = -0*w + 10. Suppose 76*j - 83*j + 2044 = w. What is the greatest common divisor of j and 219?
73
Let s(f) = -5*f + 39. Let q be s(7). Suppose 7*h + 3*w - 1584 = 3*h, -w + 1584 = q*h. What is the highest common factor of 11 and h?
11
Let b = 2186 + -2143. Calculate the greatest common divisor of b and 5203.
43
Suppose -11*j - 1536 = -8961. What is the greatest common factor of 513 and j?
27
Suppose -17*z + 18*z = g + 20, 5*g + 10 = 0. What is the highest common divisor of 348 and z?
6
Let r(x) = -x + 25. Let a(k) = -8*k**2 - 5 + k**3 + 4*k**2 - 3*k**2 + 14 + k. Let f be a(7). Let u be r(f). What is the greatest common divisor of u and 1?
1
Let p(g) = g**3 + 48*g**2 - 86*g + 740. Let v be p(-50). Let x = -174 - -454. What is the highest common divisor of x and v?
40
Let q(b) = -b**3 + 6*b**2 + 5*b + 25. Let u be q(-8). Let i = -456 + u. What is the highest common factor of i and 25?
25
Let a = 5831 - 5820. Let x = 21 + 23. Suppose x = b + 3*b. What is the greatest common factor of b and a?
11
Let s = -2769 + 2814. Let g be (-8)/20 - 112/(-5). Suppose -17 = -3*o - 0*x + 2*x, 0 = -3*o + x + g. What is the highest common factor of o and s?
9
Let p = 126 - 107. Suppose -25*u = -36*u + 1045. What is the greatest common divisor of u and p?
19
Suppose 22*z - 33*z - 2160 = -19*z. What is the greatest common divisor of 165 and z?
15
Let b(d) = 16*d**2 - 9*d - 22. Let h be b(-4). Let l(n) = -7*n - 138. Let a be l(-24). Calculate the highest common divisor of a and h.
30
Suppose 0 = 10*d - 103*d + 691331 - 216101. Calculate the highest common factor of 42 and d.
14
Let n(o) = -11*o + 102. Let l be n(9). Suppose -2*g + 4*v = -16, -g = -0*g - 3*v - l. What is the greatest common divisor of 2 and g?
2
Suppose -b = -7*b + 60. Let w be ((-414)/(-30))/(-1*(-2)/b). Let y = w - 46. What is the greatest common factor of 115 and y?
23
Suppose -5*r = 2*q - 247, 0 = -2*q + 42*r - 46*r + 248. What is the highest common factor of 224 and q?
14
Let t(o) = -336*o - 6321. Let h be t(-21). Calculate the greatest common factor of h and 15.
15
Let m(p) = 9*p**2 - 161*p - 2353. Let b be m(-14). What is the highest common divisor of 1480 and b?
185
Let y(h) = -h**2 + 13*h - 27. Let s = -75 - -86. Let f be y(s). Let t be f + 9 - 2/(-2). Calculate the greatest common factor of 1 and t.
1
Let k(w) = 1843*w**2 - 35*w - 174. Let p be k(-3). What is the highest common factor of 6 and p?
6
Suppose 91 - 10 = d. Suppose -657 = -4*u + 4*q - 217, -2*u = 2*q - 212. Calculate the highest common factor of d and u.
27
Suppose 15378 - 294428 - 562868 = -121*n. What is the highest common divisor of 213 and n?
71
Let j be (-13)/((-260)/(-96))*10865/(-123). What is the greatest common factor of j and 3074?
106
Let w be -12 - (-408)/(408/24). Let p = -79 + 175. What is the greatest common factor of w and p?
12
Suppose -z - 27 + 262 = 0. Suppose -3*c = 4*n - 165, -c = -79*n + 76*n - 29. Calculate the highest common factor of z and c.
47
Let t be (-24 - -18) + 214 + 6/(-3). Calculate the greatest common factor of t and 4017.
103
Let n = 303 + -186. Suppose 3*x - 20 = -2*m, 0 = -5*m + 4*x - 8 + 81. What is the highest common divisor of n and m?
13
Suppose 186*o - 250*o + 6142920 = 245*o. Calculate the highest common factor of o and 140.
140
Let z = 361 - 352. Let s be (30 - 18)*z/2. Calculate the highest common factor of s and 297.
27
Let v = 24715 + -24324. Calculate the highest common factor of v and 667.
23
Let a = 225 - 225. Suppose a = 4*b + 5*m - 120, -2*b + 60 = m + 2*m. What is the greatest common factor of 45 and b?
15
Suppose -6*u - 376 = 2*u. Let t = 49 + u. Calculate the highest common factor of t and 14.
2
Suppose -5*v + 4520 = 4*j + 814, -746 = -v + 4*j. Let t = -739 + v. Calculate the greatest common factor of t and 171.
3
Let u = 4950 + 300. What is the highest common factor of 75 and u?
75
Suppose -4*l - 64 = -2*d, 3*d = 2*d - 5*l + 53. Let p = d + 83. Let x be 2/(-3)*33/(-2). What is the greatest common divisor of x and p?
11
Let j(z) = z**3 + 8*z**2 - 6*z - 23. Let x be j(-7). Suppose -42 - x = -10*a. What is the highest common factor of 176 and a?
11
Let k(a) = -a**3 - 19*a**2 + 43*a + 49. Let m be k(-21). Let f = m - 12. Calculate the greatest common divisor of f and 112.
16
Suppose 4*x - h + 4*h = 0, 2*h = -3*x - 1. Let k be (-5 + 44)*(-3)/x*1. Calculate the highest common factor of k and 273.
39
Let x(p) = p + 460. Let s be x(-55). Calculate the highest common factor of 5 and s.
5
Suppose 2*o + 446 = 2*l, 2*o = l - 107 - 111. What is the greatest common factor of 60 and l?
12
Let x = 12683 - 7823. Calculate the highest common factor of x and 1260.
180
Let r be 15*(-33)/(-9) + (-1 - -1). Let i be (-238)/21*(-3)/(-2). Let a = 22 + i. What is the greatest common factor of a and r?
5
Let z be 4180/24 - 60/360. What is the highest common factor of 464 and z?
58
Suppose 19*n = -n - 60. Let t be (26 + 379)/(n/(-2)). Calculate the highest common factor of t and 27.
27
Let i = -629 + 1326. Suppose -248 = -5*j + i. What is the highest common factor of j and 63?
63
Let u(a) = -20*a + 48. Let d be u(3). Let t be 112753/564 - 1/d. Let q(m) = m**2 - m + 25. Let p be q(0). Calculate the highest common divisor of t and p.
25
Let j be 8 + -1 - (-4)/(-2). Suppose -k = -j*o - 15, k - 4*o = -0*k + 13. Suppose 27 = 4*a + k*a. What is the highest common divisor of a and 6?
3
Let i = 124 - 147. Suppose -3*n + 63 = -2*n. Let j = i + n. What is the greatest common divisor of 100 and j?
20
Let d be -2348 + -2 + (-6 - -1). Let f be d/(-60) - ((-18)/(-8) - 3). Calculate the highest common divisor of f and 120.
40
Let s be 7 - ((1 - 6) + 8). Suppose -s*w = -491 + 123. Calculate the highest common factor of w and 69.
23
Let t be (5 - 390/(-9)) + (-2)/(-3). Suppose -2*a = 3*a - 145. Let g = t - a. Calculate the highest common divisor of 8 and g.
4
Let l = -57 + 113. Suppose j - l = -j. Let r be ((-18)/(-4))/((-30)/(-280)). Calculate the highest common factor of r and j.
14
Let k be (-4 + 1 - (-11 - -6)) + -613. Let y = -215 - k. What is the highest common divisor of 36 and y?
36
Suppose -19*v + 196 = 63. Suppose -2*j - 6*p + v*p + 110 = 0, 4*j + 4*p - 244 = 0. What is the highest common factor of 95 and j?
19
Suppose -46 - 124 = -5*f. Let w be (208/(-416))/(2/156*-1). Let x = w - f. Calculate the highest common divisor of 1 and x.
1
Let y(h) = 2*h**3 - h**2 - h + 3. Let r be y(0). Suppose 0 = -2*i + i - r*q + 5, 5*i - 35 = -5*q. What is the greatest common divisor of 80 and i?
8
Let z = 69 - 21. Let p = 65 - z. Suppose -q - p + 129 = 0. What is the greatest common divisor of q and 14?
14
Let f = -8 - -12. Let h be (6/4)/(1 - 200/208). Let i be 22/110 - h/(-5). Calculate the greatest common factor of f and i.
4
Let n be -1*(3 - 1 - (-420)/6). Let r = -76 - n. Let x be 2/r*-2*13. Calculate the greatest common factor of x and 91.
13
Suppose 0 = 560*i - 559*i - 5*w + 3, 3*w - 57 = -4*i. What is the highest common factor of i and 1203?
3
Let v = -24 + 61. Suppose 30*s - 5661 = 13*s. Calculate the highest common factor of s and v.
37
Suppose -2*f - 3*m + 111 = 0, f - m - 53 = -0*m. Let l = 97 - f. Let h(p) = -p**3 - 12*p + 13. Let s be h(-6). What is the greatest common factor of l and s?
43
Let v be (18/(-4) - -1*2)/(61/(-3050)). What is the highest common factor of 1175 and v?
25
Let d